{"id":3925,"date":"2017-06-28T02:09:48","date_gmt":"2017-06-28T02:09:48","guid":{"rendered":"http:\/\/businesslounge-elementor.rtthemes.com\/?page_id=3925"},"modified":"2017-06-28T02:09:48","modified_gmt":"2017-06-28T02:09:48","slug":"projects","status":"publish","type":"page","link":"https:\/\/muzomgmbh.com\/index.php\/projects\/","title":{"rendered":"Projects"},"content":{"rendered":"\t\t<div data-elementor-type=\"wp-post\" data-elementor-id=\"3925\" class=\"elementor elementor-3925\">\n\t\t\t\t\t\t<div class=\"elementor-inner\">\n\t\t\t\t<div class=\"elementor-section-wrap\">\n\t\t\t\t\t\t\t\t\t<section class=\"elementor-section elementor-top-section elementor-element elementor-element-wdty2qz elementor-section-boxed elementor-section-height-default elementor-section-height-default default-style\" data-id=\"wdty2qz\" data-element_type=\"section\" data-settings=\"{&quot;rt_color_sets&quot;:&quot;default-style&quot;}\">\n\t\t\t\t\t\t<div class=\"elementor-container elementor-column-gap-default\">\n\t\t\t\t\t\t\t<div class=\"elementor-row\">\n\t\t\t\t\t<div class=\"elementor-column elementor-col-100 elementor-top-column elementor-element elementor-element-noa3r3s\" data-id=\"noa3r3s\" data-element_type=\"column\">\n\t\t\t<div class=\"elementor-column-wrap elementor-element-populated\">\n\t\t\t\t\t\t\t<div class=\"elementor-widget-wrap\">\n\t\t\t\t\t\t<div class=\"elementor-element elementor-element-kw4lvws elementor-widget elementor-widget-rt-portfolio\" data-id=\"kw4lvws\" data-element_type=\"widget\" data-widget_type=\"rt-portfolio.default\">\n\t\t\t\t<div class=\"elementor-widget-container\">\n\t\t\t\n\t\t\t\t\t\t<div class=\"filter-holder\" data-list-id=\"portfolio-dynamicID-378179\">\n\t\t\t\t\t\t\t<ul class=\"filter_navigation\">\n\t\t\t\t\t\t\t\t<li>\n\t\t\t\t\t\t\t\t\t<span>SORT PROJECTS<\/span>\n\t\t\t\t\t\t\t\t\t\t<ul>\n\t\t\t\t\t\t\t\t\t\t\t<li><a href=\"#\" data-filter=\"*\" class=\"active\" title=\"ALL\">ALL<\/a><\/li>\n\t\t\t\t\t\t\t\t\t\t\t<li><a data-filter=\".portfolio-28\" title=\"Unsere Dienstleistungen\">Unsere Dienstleistungen<\/a><\/li>\n\n\t\t\t\t\t\t\t\t\t\t<\/ul>\n\t\t\t\t\t\t\t\t<\/li>\n\t\t\t\t\t\t\t<\/ul>\n\t\t\t\t\t\t<\/div>\n<div id=\"portfolio-dynamicID-378179\" class=\"row portfolio_list rt-gallery clearfix  metro-gallery filterable\" data-column-width=\"3\">\n<div class=\"col col-xs-12 col-sm-6 col-md-6  rt-dynamic  portfolio-28\">\n \n\n<!-- portfolio box-->\n<div class=\"loop style-2 hover-1 image post-4769 portfolio type-portfolio status-publish has-post-thumbnail hentry portfolio_categories-unsere\" id=\"portfolio-4769\">\n\n\t<div class=\"portfolio-loop-item-wrapper\">\n\t\t\n\n\t\t\t\t\t\t<figure class=\"image-thumbnail\">\n\t\t\t\t\t\t\t<a href=\"https:\/\/muzomgmbh.com\/index.php\/project-details\/firmendomizil\/\" target=\"_self\" title=\"Firmendomizil\"><img fetchpriority=\"high\" decoding=\"async\" src=\"https:\/\/muzomgmbh.com\/wp-content\/uploads\/2024\/01\/Firmendomizil.jpg\" alt=\"\" class=\"\" width=\"584\" height=\"362\" \/><\/a>\n\t\t\t\t\t\t<\/figure>\n\n\t\t\t\t\t\t<div class=\"visible_title\">\n\t\t\t\t\t\t\t<h5 class=\"title\">Firmendomizil<\/h5>\n\t\t\t\t\t\t<\/div>\n\n\t\t\t\t\t\t<div class=\"overlay\">\n\t\t\t\t\t\t\t<section class=\"text\">\n\t\t\t\t\t\t\t\t\t\n\t\t\t\t\t\t\t\t<h5 class=\"title\"><a href=\"https:\/\/muzomgmbh.com\/index.php\/project-details\/firmendomizil\/\" target=\"_self\" rel=\"bookmark\">Firmendomizil<\/a><\/h5>\n\t\t\t\t\t\t\t\t<span class=\"terms\"><a href=\"https:\/\/muzomgmbh.com\/index.php\/portfolio\/unsere\/\" rel=\"tag\">Unsere Dienstleistungen<\/a><\/span>\n\t\t\t\t\t\t\t\t<p>\u00a0 \u00a0 \u00a0 \u00a0 \u00a0 &#8211; Brauchen Sie einen Firmensitz im steuerg\u00fcnstigen Kanton Luzern? \u00a0 \u00a0 \u00a0 \u00a0 \u00a0 \u00a0 \u00a0(Vertrag mit eigene B\u00fcror\u00e4umlichkeiten)<a class=\"read_more\" href=\"https:\/\/muzomgmbh.com\/index.php\/project-details\/firmendomizil\/\" target=\"_self\"><\/a><\/p>\t\t\t\t\n\t\t\t\t\t\t\t\t\t\n\t\t\t\t\t\t\t<\/section> \t\n\t\t\t\t\t\t<\/div>\n\n\t\t\t\t\t\t<\/div>\n<\/div> \n<!-- \/ portfolio box-->\n<\/div>\n<div class=\"col col-xs-12 col-sm-3 col-md-3  rt-dynamic  portfolio-28\">\n \n\n<!-- portfolio box-->\n<div class=\"loop style-2 hover-1 image post-4766 portfolio type-portfolio status-publish has-post-thumbnail hentry portfolio_categories-unsere\" id=\"portfolio-4766\">\n\n\t<div class=\"portfolio-loop-item-wrapper\">\n\t\t\n\n\t\t\t\t\t\t<figure class=\"image-thumbnail\">\n\t\t\t\t\t\t\t<a href=\"https:\/\/muzomgmbh.com\/index.php\/project-details\/steuererklarung\/\" target=\"_self\" title=\"Steuererkl\u00e4rung\"><img decoding=\"async\" src=\"https:\/\/muzomgmbh.com\/wp-content\/uploads\/2024\/01\/Steuererklarung-960x666.jpg\" alt=\"\" class=\"\" width=\"960\" height=\"666\" \/><\/a>\n\t\t\t\t\t\t<\/figure>\n\n\t\t\t\t\t\t<div class=\"visible_title\">\n\t\t\t\t\t\t\t<h5 class=\"title\">Steuererkl\u00e4rung<\/h5>\n\t\t\t\t\t\t<\/div>\n\n\t\t\t\t\t\t<div class=\"overlay\">\n\t\t\t\t\t\t\t<section class=\"text\">\n\t\t\t\t\t\t\t\t\t\n\t\t\t\t\t\t\t\t<h5 class=\"title\"><a href=\"https:\/\/muzomgmbh.com\/index.php\/project-details\/steuererklarung\/\" target=\"_self\" rel=\"bookmark\">Steuererkl\u00e4rung<\/a><\/h5>\n\t\t\t\t\t\t\t\t<span class=\"terms\"><a href=\"https:\/\/muzomgmbh.com\/index.php\/portfolio\/unsere\/\" rel=\"tag\">Unsere Dienstleistungen<\/a><\/span>\n\t\t\t\t\t\t\t\t<p>\u00a0 \u00a0 \u00a0 \u00a0 \u00a0 &#8211; Steuererkl\u00e4rung f\u00fcr nat\u00fcrliche Personen \u00a0 \u00a0 \u00a0 \u00a0 \u00a0 &#8211; Steuererkl\u00e4rung f\u00fcr juristische Personen (GmbH, AG)<a class=\"read_more\" href=\"https:\/\/muzomgmbh.com\/index.php\/project-details\/steuererklarung\/\" target=\"_self\"><\/a><\/p>\t\t\t\t\n\t\t\t\t\t\t\t\t\t\n\t\t\t\t\t\t\t<\/section> \t\n\t\t\t\t\t\t<\/div>\n\n\t\t\t\t\t\t<\/div>\n<\/div> \n<!-- \/ portfolio box-->\n<\/div>\n<div class=\"col col-xs-12 col-sm-3 col-md-3  rt-dynamic  portfolio-28\">\n \n\n<!-- portfolio box-->\n<div class=\"loop style-2 hover-1 image post-4763 portfolio type-portfolio status-publish has-post-thumbnail hentry portfolio_categories-unsere\" id=\"portfolio-4763\">\n\n\t<div class=\"portfolio-loop-item-wrapper\">\n\t\t\n\n\t\t\t\t\t\t<figure class=\"image-thumbnail\">\n\t\t\t\t\t\t\t<a href=\"https:\/\/muzomgmbh.com\/index.php\/project-details\/lohnbuchhaltung\/\" target=\"_self\" title=\"Lohnbuchhaltung\"><img decoding=\"async\" src=\"https:\/\/muzomgmbh.com\/wp-content\/uploads\/2024\/01\/Lohnbuchhaltung-960x530.jpg\" alt=\"\" class=\"\" width=\"960\" height=\"530\" \/><\/a>\n\t\t\t\t\t\t<\/figure>\n\n\t\t\t\t\t\t<div class=\"visible_title\">\n\t\t\t\t\t\t\t<h5 class=\"title\">Lohnbuchhaltung<\/h5>\n\t\t\t\t\t\t<\/div>\n\n\t\t\t\t\t\t<div class=\"overlay\">\n\t\t\t\t\t\t\t<section class=\"text\">\n\t\t\t\t\t\t\t\t\t\n\t\t\t\t\t\t\t\t<h5 class=\"title\"><a href=\"https:\/\/muzomgmbh.com\/index.php\/project-details\/lohnbuchhaltung\/\" target=\"_self\" rel=\"bookmark\">Lohnbuchhaltung<\/a><\/h5>\n\t\t\t\t\t\t\t\t<span class=\"terms\"><a href=\"https:\/\/muzomgmbh.com\/index.php\/portfolio\/unsere\/\" rel=\"tag\">Unsere Dienstleistungen<\/a><\/span>\n\t\t\t\t\t\t\t\t<p>\u00a0 \u00a0 \u00a0 \u00a0 \u00a0 &#8211; Arbeitsvertr\u00e4ge erstellen \u00a0 \u00a0 \u00a0 \u00a0 \u00a0 &#8211; monatliche Lohnabrechnungen erstellen \u00a0 \u00a0 \u00a0 \u00a0 \u00a0 &#8211; j\u00e4hrliche Lohnausweise erstellen \u00a0 \u00a0 \u00a0 \u00a0 \u00a0 &#8211; K\u00fcndigungen schreiben \u00a0 \u00a0 \u00a0 \u00a0 \u00a0 &#8211; Quellensteuerabrechnungen erstellen \u00a0 \u00a0 \u00a0 \u00a0 \u00a0 &#8211; Lohndeklarationen an Sozialversicherungen<a class=\"read_more\" href=\"https:\/\/muzomgmbh.com\/index.php\/project-details\/lohnbuchhaltung\/\" target=\"_self\"><\/a><\/p>\t\t\t\t\n\t\t\t\t\t\t\t\t\t\n\t\t\t\t\t\t\t<\/section> \t\n\t\t\t\t\t\t<\/div>\n\n\t\t\t\t\t\t<\/div>\n<\/div> \n<!-- \/ portfolio box-->\n<\/div>\n<div class=\"col col-xs-12 col-sm-3 col-md-3  rt-dynamic  portfolio-28\">\n \n\n<!-- portfolio box-->\n<div class=\"loop style-2 hover-1 image post-4760 portfolio type-portfolio status-publish has-post-thumbnail hentry portfolio_categories-unsere\" id=\"portfolio-4760\">\n\n\t<div class=\"portfolio-loop-item-wrapper\">\n\t\t\n\n\t\t\t\t\t\t<figure class=\"image-thumbnail\">\n\t\t\t\t\t\t\t<a href=\"https:\/\/muzomgmbh.com\/index.php\/project-details\/buchhaltung\/\" target=\"_self\" title=\"Buchhaltung\"><img loading=\"lazy\" decoding=\"async\" src=\"https:\/\/muzomgmbh.com\/wp-content\/uploads\/2024\/01\/Buchhaltung-AdobeStock_56710032-960x960.jpg\" alt=\"\" class=\"\" width=\"960\" height=\"960\" \/><\/a>\n\t\t\t\t\t\t<\/figure>\n\n\t\t\t\t\t\t<div class=\"visible_title\">\n\t\t\t\t\t\t\t<h5 class=\"title\">Buchhaltung<\/h5>\n\t\t\t\t\t\t<\/div>\n\n\t\t\t\t\t\t<div class=\"overlay\">\n\t\t\t\t\t\t\t<section class=\"text\">\n\t\t\t\t\t\t\t\t\t\n\t\t\t\t\t\t\t\t<h5 class=\"title\"><a href=\"https:\/\/muzomgmbh.com\/index.php\/project-details\/buchhaltung\/\" target=\"_self\" rel=\"bookmark\">Buchhaltung<\/a><\/h5>\n\t\t\t\t\t\t\t\t<span class=\"terms\"><a href=\"https:\/\/muzomgmbh.com\/index.php\/portfolio\/unsere\/\" rel=\"tag\">Unsere Dienstleistungen<\/a><\/span>\n\t\t\t\t\t\t\t\t<p>\u00a0 \u00a0 \u00a0 \u00a0 \u00a0 &#8211; Nebenb\u00fccher (Debi, Kredi) \u00a0 \u00a0 \u00a0 \u00a0 \u00a0 &#8211; Finanzbuchhaltung \u00a0 \u00a0 \u00a0 \u00a0 \u00a0 &#8211; Mehrwertsteuerabrechnungen \u00a0 \u00a0 \u00a0 \u00a0 \u00a0 &#8211; Jahresabschluss<a class=\"read_more\" href=\"https:\/\/muzomgmbh.com\/index.php\/project-details\/buchhaltung\/\" target=\"_self\"><\/a><\/p>\t\t\t\t\n\t\t\t\t\t\t\t\t\t\n\t\t\t\t\t\t\t<\/section> \t\n\t\t\t\t\t\t<\/div>\n\n\t\t\t\t\t\t<\/div>\n<\/div> \n<!-- \/ portfolio box-->\n<\/div>\n<\/div>\n\t\t<\/div>\n\t\t\t\t<\/div>\n\t\t\t\t\t\t<\/div>\n\t\t\t\t\t<\/div>\n\t\t<\/div>\n\t\t\t\t\t\t\t\t<\/div>\n\t\t\t\t\t<\/div>\n\t\t<\/section>\n\t\t\t\t\t\t\t\t\t<\/div>\n\t\t\t<\/div>\n\t\t\t\t\t<\/div>\n\t\t","protected":false},"excerpt":{"rendered":"<p>SORT PROJECTS ALL Lansman Organization Research Seminar Training EU Technology Summit Organization EU Technology Summit Organization Organization Donec porta tortor eget eros finibus, finibus hendrerit elit venenatis faucibus orci luctus et ultrices posuere. Tech Drones Lansman Tech Drones Lansman Lansman Sed risus tellus, malesuada et accumsan vitae, aliquet eget nisl. Duis semper quis neque a [&hellip;]<\/p>\n","protected":false},"author":1,"featured_media":0,"parent":0,"menu_order":0,"comment_status":"closed","ping_status":"closed","template":"","meta":{"footnotes":""},"class_list":["post-3925","page","type-page","status-publish","hentry"],"_links":{"self":[{"href":"https:\/\/muzomgmbh.com\/index.php\/wp-json\/wp\/v2\/pages\/3925","targetHints":{"allow":["GET"]}}],"collection":[{"href":"https:\/\/muzomgmbh.com\/index.php\/wp-json\/wp\/v2\/pages"}],"about":[{"href":"https:\/\/muzomgmbh.com\/index.php\/wp-json\/wp\/v2\/types\/page"}],"author":[{"embeddable":true,"href":"https:\/\/muzomgmbh.com\/index.php\/wp-json\/wp\/v2\/users\/1"}],"replies":[{"embeddable":true,"href":"https:\/\/muzomgmbh.com\/index.php\/wp-json\/wp\/v2\/comments?post=3925"}],"version-history":[{"count":0,"href":"https:\/\/muzomgmbh.com\/index.php\/wp-json\/wp\/v2\/pages\/3925\/revisions"}],"wp:attachment":[{"href":"https:\/\/muzomgmbh.com\/index.php\/wp-json\/wp\/v2\/media?parent=3925"}],"curies":[{"name":"wp","href":"https:\/\/api.w.org\/{rel}","templated":true}]}}